+ 5 + -10.
-14
Calculate -9 - -8 - 26 - -49.
22
Evaluate -23 + (1 - -8) + -5.
-19
Calculate 2 + -13 + 1 + 11 + -1.
0
(-57 - -10) + (1 - -5) + 4
-37
Calculate 37 + -31 - (-9 + 30).
-15
Calculate (26 + 1 - (3 - -16 - 13)) + 1.
22
What is the value of (-25 - (1 - 13)) + 33?
20
Calculate (1 - -4) + 11 - (6 + 7 - 6).
9
Evaluate 2 - (2 - -4) - (1 + (-12 - -8)).
-1
7 + -27 + -2 + -1 + -7 + -1
-31
What is the value of -3 + 10 + 4 + -7?
4
What is 6 + (2 - (-6 + 4) - -2)?
12
What is the value of -7 + (5 + 6 - -6) - 8?
2
What is the value of -3 + (-6 - 0) + (-2 - (1 - 5))?
-7
What is -21 + (29 - 14) + 1?
-5
What is the value of (-22 - 10) + -6 + 14?
-24
Evaluate 33 - (-13 + 38) - 38.
-30
Calculate 32 - (0 + (14 + -5 - (-3 + 5))).
25
Calculate 1 + -5 + (3 - (-7 + 5)).
1
((7 - 5) + 1 - 6) + -7 + -5
-15
What is the value of (8 - 2) + 16 + -23 + -4?
-5
Evaluate (3 + (3 - 27) - -8 - -11) + 26.
24
Calculate -23 + (-2 - -11) + -28 + 22 + 3.
-17
What is the value of ((-10 - -5) + -5 - -17) + 1?
8
Calculate (-4 - (0 - (2 - 3))) + -4 + 7.
-2
(19 - 28 - (-7 - 1)) + 0 + 8
7
Calculate 1 + 2 + -3 - (28 + -22 + -24).
18
Evaluate -19 + 0 + (-13 - 1) + 6 + 6.
-21
Evaluate 1 + -2 + 5 + (1 + 3 - 16).
-8
What is 2 + 4 + -10 + -2 + 14 + 3?
11
What is the value of -4 - (-1 + (5 - 7))?
-1
What is the value of -19 - (8 + -3 + (-63 - -74))?
-35
What is -1 - -7 - (38 + 1) - (60 + -58)?
-35
What is (6 - -16) + 13 + -27?
8
Evaluate 5 - (-7 + 4 + (-5 - -3)).
10
What is the value of -2 - ((7 - -6 - 5) + -10)?
0
What is -42 + (17 - -29) - (-1 + 17)?
-12
What is the value of 25 + 8 + -40 + 25?
18
Calculate 39 + (151 - 161 - (-5 + -1 + -1)).
36
Evaluate -17 + (-4 - (-11 + -9 + 11)).
-12
Evaluate 6 + (-7 - (11 + -14) - 3).
-1
What is the value of 10 + -12 + -10 - (-5 + 4 - 21)?
10
(7 - (-2 - 0)) + 30 + -30
9
Evaluate 3 + (2 + 6 - (-9 + 15)) + -6.
-1
Calculate (21 - 33 - 15) + 22.
-5
Evaluate 0 - (3 + -3 + -4) - (-56 - -47).
13
What is -32 + (19 - (0 - -9)) - -9?
-13
-19 + 13 + -7 + 13
0
Calculate -11 + (-14 - -7) + 4.
-14
Evaluate (-1 - -8) + (-308 - -295).
-6
What is the value of 13 - (7 + 1 + (6 - (7 + 2)))?
8
(9 + -3 - (5 - 7 - -6)) + -1
1
What is the value of 14 + -7 + 4 + -6 + (11 - 3)?
13
(24 - 5) + -5 - (-6 - -37)
-17
Calculate 0 + 10 + 8 - (48 + -40).
10
What is the value of 1 - (3 - -15 - 0 - 4)?
-13
Evaluate 2 + -23 - (3 - 12).
-12
What is -9 + -2 + 12 + -6?
-5
Calculate 9 + (-9 + -30 - 0).
-30
Evaluate -2 - (11 + -19) - (0 + -2) - 7.
1
-10 + 9 + 6 + (7 - 3)
9
Calculate -140 - -133 - (7 - (-5 - -1)).
-18
Calculate 0 + (5 - 10) + 19 + 2 + -4.
12
Calculate -23 - (14 + (-11 - -3) + -18).
-11
Calculate 56 + -53 + 1 + -12 + -6 + -1.
-15
-41 + 52 - (24 + -2) - -12
1
What is (-47 - -14) + (13 - -22)?
2
Evaluate -6 + 11 + -22 + (-6 - -9).
-14
What is the value of (199 - 215) + -10 + 1?
-25
Calculate -2 - 0 - (-1 - 7) - (-66 + 81).
-9
Calculate -1 + 6 - (12 + (-13 - -6)).
0
54 + -57 - ((-1 - 6) + 23)
-19
What is the value of 197 - 168 - (1 + 32)?
-4
Evaluate (-1 - -13) + -30 - -7.
-11
-122 + 126 - (8 - (-1 - 1))
-6
Evaluate -4 + (-11 - (-13 + 10 - 4)).
-8
-2 - (-4 + -1 + 3 - (35 - 27))
8
What is the value of 11 + -3 + 0 - (-9 - -3 - 0)?
14
Calculate (-62 + 56 - (-1 - (-5 - -2))) + 9.
1
What is the value of 272 + -267 - (4 + 27)?
-26
Evaluate 8 + (3 - 2 - (-23 - -19)).
13
Calculate 6 + 0 - (-6 + 5) - (-1 - -30).
-22
-10 + 1 + 0 - (-12 - -25)
-22
Calculate -16 - -2 - (6 - 1).
-19
What is -7 + (7 - 5) - -5?
0
What is the value of (1 + -3 - -23) + 3 + -34 + 26?
16
Calculate (-15 - -63) + -39 - (8 + 1).
0
Calculate 20 - (-11 - (-7 - 22)).
2
Evaluate 44 - (42 + -2 - 30).
34
Evaluate -83 + 91 + (-13 - 0) - 5.
-10
What is the value of -52 + 39 + 6 + -6 + -1?
-14
Calculate -1 - (14 + -30) - 8.
7
What is the value of 13 + -11 - (-8 + 4 + -1 + 20)?
-13
Calculate (-20 - -5 - (-3 + 0)) + 15 + -21.
-18
0 + 23 - (-402 - -453)
-28
Evaluate -13 - (7 - (24 + 8)).
12
Evaluate (6 - 16) + 1 + 9.
0
-4 + -11 + 7 - -1
-7
What is -24 - (10 + (-36 - -7))?
-5
Evaluate -297 + 280 + (3 - 1).
-15
What is 9 + -5 + -1 - (1 + 8)?
-6
Evaluate -8 - -2 - ((0 - -5) + 1).
-12
Calculate (1 - (-7 + (-10 - (-17 - -3)))) + -5.
-1
-19 - (-33 - -16) - -8
6
What is 5 - (9 + (12 - (-3 - -25)))?
6
What is (-6 + 6 - 3) + 8 + (-1 - 3)?
1
What is (4 - 25) + 15 + 11?
5
What is the value of -18 + 16 + 18 + -6 + -6?
4
(29 - 28) + 1 + -1 - -11
12
What is the value of (-7 - -2) + (-16 - -9 - 2) + 4?
-10
Evaluate -1 + 1 + 3 + 2 + -1 + -6.
-2
What is 823 + -833 - (0 + -35)?
25
-5 + (18 + (0 - 1) - (-101 + 103))
10
(-83 - -77) + 25 + 0
19
(8 - 7) + -4 + -9 + 2
-10
Calculate -667 + 670 + (1 - 7).
-3
-1 + -7 - (-6 - ((9 - 7) + -6))
-6
Calculate 9 - (1 - 0) - (279 - 276).
5
(-5 - (-4 + 6) - -21) + 9
23
Evaluate 4 + 4 - (5 + -9 + 2 - 9).
19
What is the value of 24 - (-20 - (-78 - -37))?
3
(11 - 5) + (16 - 7 - 2)
13
Evaluate -41 + 1 - (-14 - (-20 + 8 + 0)).
-38
What is the value of 29 + 2 + (22 - 3) + -27?
23
Evaluate -3 - -9 - (3 - (3 + -3) - -12).
-9
Evaluate -15 + 7 + 9 + -2.
-1
Evaluate 9 - (5 + -9 + 7) - (18 + -10).
-2
Calculate 0 - (8 - 5 - 7) - -7.
11
What is the value of 4 - (-19 + 11 - (-1 + -15))?
-4
What is (-25 - -21) + 11 + -17?
-10
Evaluate 18 - ((-13 - -2) + -20 + 23 + 18).
8
Evaluate 12 - 14 - 12 - -25.
11
What is the value of -31 - (5 - 13) - -15?
-8
What is 9 - (-10 + 8 - (-30 + -4 + 5))?
-18
What is the value of -21 + 40 + -35 - 5?
-21
Evaluate (-2 - -1 - -4 - -4) + -58 + 24.
-27
What is (1 - 2) + -3 - (10 + -34 + -10)?
30
Evaluate -189 + 191 + -16 + (-4 - -8).
-10
What is the value of (-11 - -2) + 0 - (28 + -127 + 76)?
14
Evaluate (31 - 46 - 7) + 18.
-4
What is -36 - 1 - ((3 - 18) + -13 + 25)?
-34
Calculate (0 - 6) + (126 - 143).
-23
Calculate -1 + 12 + 5 + (-6 - 7 - -11).
14
What is the value of 9 - ((7 - 14) + 23)?
-7
What is -12 - 41 - -16 - -52?
15
Evaluate -32 + -17 + 54 + 3 + 0.
8
Evaluate -33 + 41 - (-7 - -14).
1
-4 + 6 - 2 - (12 - (-9 - -7))
-14
Calculate 4 - (18 + (8 - 18)) - (24 + -3).
-25
What is the value of -9 + 16 + -24 - -12?
-5
Evaluate 2 + (3 - 1) + (-54 - -50).
0
Calculate 8 + (-4 - -8 - 5 - 5).
2
What is the value of -26 + 27 + -2 + -12 + 4?
-9
What is the value of (16 - (-6 + 8 + (-2 - -8))) + 3?
11
Evaluate -15 + 7 - (-8 + 3).
-3
0 - -6 - (-4 + -26 - (-44 + 23))
15
Calculate (0 - -6) + (-10 - -2) + 1 + -4.
-5
What is 1273 - 1319 - ((2 - 1) + -16)?
-31
What is the value of -10 + 1 - (-3 - -14 - (92 - 89))?
-17
What is 4 + 2 - (-18 - -15)?
9
Calculate (1 - 3) + -2 - (13 - 13).
-4
What is -4 - ((4 - (1 + -3) - -1) + -4)?
-7
What is the value of 6 - ((-6 + 2 - -9) + 6 - -28)?
-33
Calculate (11 - 25) + -14 + 41.
13
What is the value of (1 - (-33 - -34 - (0 - 3))) + 0?
-3
What is 7 - -2 - -3 - 21?
-9
Calculate -15 + -1 + (222 - 175).
31
What is the value of -1 + 8 + -8 + -15 + 3?
-13
What is the value of 17 + (12 - (12 - -12))?
5
What is the value of -1 + (16 + -4 - (3 + 3))?
5
Calculate (13 - (5 - 1)) + (-9 - -14) + 8.
22
Calculate -7 - (5 - (7 + (7 - 14) + -2)).
-14
Evaluate 0 + 9 + -3 + (9 + 5 - 9).
11
Evaluate -35 - (-8 + (31 - 39)).
-19
Calculate -8 + -4 - -9 - 10.
-13
Calculate -4 - (5 + -19 - -14).
-4
406 + -399 + -2 + 2 + 11
18
Evaluate (-1 - 18) + 2 + -20 - (0 + -9).
-28
4 - 1 - (10 - (11 + -19))
-15
Calculate -28 + 37 - (3 + (4 - -10)).
-8
-13 + 25 + -13 + 3 - (-4 - 2)
8
6 - (0 - (3 - 12))
-3
What is the value of -31 + 23 - (8 + 2)?
-18
What is 14 + -9 - (4 + -8 + (13 - 10))?
6
-7 + (2 - 14 - -7 - (-3 - 1))
-8
What is the value of -6 + 26 + (-22 - -8)?
6
What is 15 + 22 + -56 - (1 - (0 - -1))?
-19
What is (-7 - 16) + 63 + -21?
19
Evaluate 8 - 6 - (-22 + 44).
-20
What is 8 + (10 - (16 + -1))?
3
(-34 - (-2 - 11)) + 25 + (10 - -1)
15
Calculate -4 - ((-1 - -3) + (-28 - -24) - 2).
0
What is 7 - (-5 + 3 - (-5 - -2))?
6
Evaluate 0 + -30 - (-6 - ((-28 - -21) + 9)).
-22
What is -13 + -4 + (19 - -12)?
14
What is the value of (15 - (15 + 0)) + (2 - 8) - 9?
-15
Evaluate -9 + -7 + -4 + 9 - 1.
-12
What is 2 + 11 - 11 - -4?
6
What is the value of 20 + -19 + (9 - 42)?
-32
Calculate -5 + 10 + -7 + 4 + (-7 - -1).
-4
What is the value of -37 + (13 - 14) + 19?
-19
What is 23 - (-16 + 9 - -17)?
13
(-128 - -119) + (14 - 0)
5
Evaluate 29 + -11 + (-9 - 7 - -8).
10
-19 + (3 - 9) + 17
-8
Evaluate -2 + 17 + -1 + (31 - (7 + 29